{"id":1194,"date":"2026-02-16T16:17:43","date_gmt":"2026-02-16T16:17:43","guid":{"rendered":"https:\/\/prontoifit.com.br\/?post_type=product&#038;p=1194"},"modified":"2026-02-17T17:45:39","modified_gmt":"2026-02-17T17:45:39","slug":"salada-no-pote","status":"publish","type":"product","link":"https:\/\/prontoifit.com.br\/?product=salada-no-pote","title":{"rendered":"Salada no pote &#8211; Kit com 5 portes"},"content":{"rendered":"<p data-pm-slice=\"1 1 []\">Fresca, colorida e simplesmente deliciosa de verdade \ud83d\ude0d<\/p>\n<p>A nossa salada no pote \u00e9 montada em camadas com ingredientes selecionados, cheios de sabor e textura: legumes crocantes, prote\u00ednas suculentas e aquele tempero equilibrado que transforma uma simples salada em uma experi\u00eancia incr\u00edvel \ud83d\udc9a<\/p>\n<p>\ud83d\udc49 Dispon\u00edvel em kit com 5 potes, perfeito para organizar sua semana com praticidade!<\/p>\n<p>\u00c9 a combina\u00e7\u00e3o perfeita entre leveza + saciedade + praticidade<\/p>\n<p>Ideal para o almo\u00e7o, jantar ou aquele momento que voc\u00ea quer comer bem sem sair da dieta \ud83c\udf43<\/p>\n<p>\ud83e\udd44 \u00c9 s\u00f3 abrir e aproveitar<\/p>\n<p>\ud83e\uddca Conservada do jeitinho certo para manter o frescor<\/p>\n<p>\ud83d\udcaa Nutritiva, equilibrada e cheia de sabor<\/p>\n<p>Depois que voc\u00ea prova\u2026 n\u00e3o quer mais outra! \ud83e\udd24<\/p>\n<p>\ud83d\udccd cuidar do seu corpo pode (e deve!) ser delicioso \ud83d\udc9a<\/p>\n","protected":false},"excerpt":{"rendered":"<p data-start=\"88\" data-end=\"121\">\ud83e\udd57\u2728 <strong data-start=\"92\" data-end=\"121\">Salada no Pote ProntoiFit<\/strong><\/p>\n<p data-start=\"123\" data-end=\"254\">Fresca, saborosa e pronta pra facilitar sua rotina \ud83d\ude0d<br data-start=\"176\" data-end=\"179\" \/>Camadas de ingredientes selecionados, com equil\u00edbrio, leveza e muito sabor!<\/p>\n<p data-start=\"256\" data-end=\"370\">\ud83d\udc49 <strong data-start=\"259\" data-end=\"278\">Kit com 5 potes<\/strong> para organizar sua semana<br data-start=\"304\" data-end=\"307\" \/>\ud83e\udd44 \u00c9 s\u00f3 abrir e aproveitar<br data-start=\"333\" data-end=\"336\" \/>\ud83d\udcaa Saud\u00e1vel, nutritiva e deliciosa<\/p>\n<p data-start=\"372\" data-end=\"428\">\ud83d\udccd <strong data-start=\"430\" data-end=\"475\" data-is-last-node=\"\">Praticidade + sa\u00fade + sabor no seu dia \ud83d\udc9a<\/strong><\/p>\n","protected":false},"featured_media":1185,"comment_status":"open","ping_status":"closed","template":"","meta":[],"product_brand":[],"product_cat":[30],"product_tag":[],"class_list":{"0":"post-1194","1":"product","2":"type-product","3":"status-publish","4":"has-post-thumbnail","6":"product_cat-saladas-no-pote","8":"first","9":"instock","10":"sale","11":"shipping-taxable","12":"purchasable","13":"product-type-simple"},"_links":{"self":[{"href":"https:\/\/prontoifit.com.br\/index.php?rest_route=\/wp\/v2\/product\/1194","targetHints":{"allow":["GET"]}}],"collection":[{"href":"https:\/\/prontoifit.com.br\/index.php?rest_route=\/wp\/v2\/product"}],"about":[{"href":"https:\/\/prontoifit.com.br\/index.php?rest_route=\/wp\/v2\/types\/product"}],"replies":[{"embeddable":true,"href":"https:\/\/prontoifit.com.br\/index.php?rest_route=%2Fwp%2Fv2%2Fcomments&post=1194"}],"wp:featuredmedia":[{"embeddable":true,"href":"https:\/\/prontoifit.com.br\/index.php?rest_route=\/wp\/v2\/media\/1185"}],"wp:attachment":[{"href":"https:\/\/prontoifit.com.br\/index.php?rest_route=%2Fwp%2Fv2%2Fmedia&parent=1194"}],"wp:term":[{"taxonomy":"product_brand","embeddable":true,"href":"https:\/\/prontoifit.com.br\/index.php?rest_route=%2Fwp%2Fv2%2Fproduct_brand&post=1194"},{"taxonomy":"product_cat","embeddable":true,"href":"https:\/\/prontoifit.com.br\/index.php?rest_route=%2Fwp%2Fv2%2Fproduct_cat&post=1194"},{"taxonomy":"product_tag","embeddable":true,"href":"https:\/\/prontoifit.com.br\/index.php?rest_route=%2Fwp%2Fv2%2Fproduct_tag&post=1194"}],"curies":[{"name":"wp","href":"https:\/\/api.w.org\/{rel}","templated":true}]}}